{"id":460,"date":"2016-06-22T21:40:11","date_gmt":"2016-06-22T19:40:11","guid":{"rendered":"http:\/\/kulturkreis-wattenbek.de\/?page_id=460"},"modified":"2016-06-22T21:44:20","modified_gmt":"2016-06-22T19:44:20","slug":"8-12-2003-chorioso","status":"publish","type":"page","link":"https:\/\/kulturkreis-wattenbek.de\/?page_id=460","title":{"rendered":"8. 12. 2003 Chorioso"},"content":{"rendered":"<p style=\"text-align: center;\"><span style=\"font-family: Comic Sans MS; font-size: large;\">am 8. Dezember 2003 im Schalthaus:<\/span><\/p>\n<p style=\"text-align: center;\"><strong><span style=\"color: #008000; font-family: Comic Sans MS; font-size: x-large;\"><b>gut gelauntes Publikum, Gl\u00fchwein, Schmalzbrote&#8230;<\/b><\/span><\/strong><\/p>\n<p align=\"center\"><b><span style=\"font-family: Comic Sans MS; font-size: x-large;\"><span style=\"color: #008000;\">..und fr\u00f6hlich-besinnliche Musik von<\/span> <\/span><span style=\"color: #cc0000; font-family: Comic Sans MS; font-size: xx-large;\">Chorioso<\/span><\/b><\/p>\n<table width=\"600\">\n<tbody>\n<tr>\n<td>Der Wunsch, ein Konzert mit weihnachtlichen Liedern zu gestalten war wieder gro\u00df im Chor &#8222;Chorioso&#8220;&#8220; und so wurde Mitte November kurzentschlossen zum zweiten Mal in das Schalthaus nach Wattenbek eingeladen.<\/p>\n<p>70 Besucher kamen und erlebten\u00a0 im kerzenlicht- und tannengr\u00fcngeschm\u00fcckten Raum einen gem\u00fctlichen und stimmungsvollen Abend mit viel Gesang.<\/p>\n<p>Gospels, Spirituals und traditionelle adventliche und weihnachtliche Lieder aus verschiedenen L\u00e4ndern geh\u00f6rten zum Repertoire dieses Abends.<\/td>\n<\/tr>\n<\/tbody>\n<\/table>\n<table width=\"600\">\n<tbody>\n<tr>\n<td>An diesem Abend wurden auch rotn\u00e4sige singende Rentiere auf der B\u00fchne entdeckt. Sie sahen dem Original erstaunlich \u00e4hnlich.<\/p>\n<p>Am Ende des Konzerts bedankte sich Chorioso f\u00fcr den reichlich empfangenen Beifall: Die Zuh\u00f6rer wurden mit einem musikalischen Spalier nach Hause verabschiedet.<\/td>\n<\/tr>\n<\/tbody>\n<\/table>\n","protected":false},"excerpt":{"rendered":"<p>am 8. Dezember 2003 im Schalthaus: gut gelauntes Publikum, Gl\u00fchwein, Schmalzbrote&#8230; ..und fr\u00f6hlich-besinnliche Musik von Chorioso Der Wunsch, ein Konzert mit weihnachtlichen Liedern zu gestalten war wieder gro\u00df im Chor &#8222;Chorioso&#8220;&#8220; und so wurde Mitte November kurzentschlossen zum zweiten Mal in das Schalthaus nach Wattenbek eingeladen. 70 Besucher kamen und erlebten\u00a0 im kerzenlicht- und tannengr\u00fcngeschm\u00fcckten [&hellip;]<\/p>\n","protected":false},"author":1,"featured_media":0,"parent":169,"menu_order":0,"comment_status":"closed","ping_status":"closed","template":"page-templates\/page_front-page.php","meta":{"footnotes":""},"class_list":["post-460","page","type-page","status-publish","hentry"],"_links":{"self":[{"href":"https:\/\/kulturkreis-wattenbek.de\/index.php?rest_route=\/wp\/v2\/pages\/460","targetHints":{"allow":["GET"]}}],"collection":[{"href":"https:\/\/kulturkreis-wattenbek.de\/index.php?rest_route=\/wp\/v2\/pages"}],"about":[{"href":"https:\/\/kulturkreis-wattenbek.de\/index.php?rest_route=\/wp\/v2\/types\/page"}],"author":[{"embeddable":true,"href":"https:\/\/kulturkreis-wattenbek.de\/index.php?rest_route=\/wp\/v2\/users\/1"}],"replies":[{"embeddable":true,"href":"https:\/\/kulturkreis-wattenbek.de\/index.php?rest_route=%2Fwp%2Fv2%2Fcomments&post=460"}],"version-history":[{"count":4,"href":"https:\/\/kulturkreis-wattenbek.de\/index.php?rest_route=\/wp\/v2\/pages\/460\/revisions"}],"predecessor-version":[{"id":465,"href":"https:\/\/kulturkreis-wattenbek.de\/index.php?rest_route=\/wp\/v2\/pages\/460\/revisions\/465"}],"up":[{"embeddable":true,"href":"https:\/\/kulturkreis-wattenbek.de\/index.php?rest_route=\/wp\/v2\/pages\/169"}],"wp:attachment":[{"href":"https:\/\/kulturkreis-wattenbek.de\/index.php?rest_route=%2Fwp%2Fv2%2Fmedia&parent=460"}],"curies":[{"name":"wp","href":"https:\/\/api.w.org\/{rel}","templated":true}]}}